 and d.
11
Suppose -10*d = -2*d. Suppose 3*f - 12*c + 11*c - 116 = d, -f + 5*c = -62. Suppose 11 = -2*z + f. Calculate the greatest common factor of z and 13.
13
Suppose 76*j - 1298 - 571 = 183. What is the highest common factor of j and 11637?
27
Let j = -1489 + 1535. Calculate the highest common factor of j and 782.
46
Let d(l) = 3*l + 9. Let r be d(7). Let c = 2 - r. Let u = 123 + c. Calculate the highest common factor of u and 19.
19
Let l = -19 - -46. Let a = 82 - 88. Let z be (6/8)/(a*(-5)/1440). What is the highest common factor of l and z?
9
Suppose 0 = -131*u + 118*u + 871. Calculate the greatest common divisor of u and 6767.
67
Let p be 3/(11/(99/(-27)))*-740. What is the greatest common factor of 1665 and p?
185
Let d = 12742 - 12700. Let r(z) = 9*z. Let m be r(7). Calculate the highest common divisor of m and d.
21
Let g(k) = k**2 + 36*k + 119. Let v be g(-34). Let o = 66 - v. Calculate the highest common divisor of o and 120.
15
Suppose t + 35 = 30, 5*y - t = 140. Suppose 3*z + 2*z + 5*r = 65, 3*r = -2*z + 30. Calculate the highest common factor of y and z.
9
Suppose i = -5*t + 1453, 6*t - 2*t = -4. Suppose -760*u = -751*u - i. Calculate the highest common divisor of 9 and u.
9
Let u(z) = 6*z + 14. Let a be u(-7). Let d be 81/(-6)*a/21. Calculate the greatest common divisor of d and 45.
9
Let p(y) = -10*y**2 - 383*y - 153. Let o be p(-13). Calculate the greatest common divisor of 245 and o.
49
Suppose 3*p - 48 = 3*j - 63, 15 = -2*j - 3*p. Suppose -19*d + 47 - 9 = j. Calculate the greatest common factor of d and 40.
2
Let d(k) = -k**3 + k**2 - 26*k + 120. Let f be d(0). Let i be 46 - (1 - 3) - 0. Calculate the highest common divisor of f and i.
24
Suppose 0 = -38*w + 1419 + 4357. What is the highest common factor of w and 2869?
19
Suppose -g + 1103 = -5*x, 820*g + 3*x = 822*g - 2227. Calculate the greatest common divisor of g and 86.
86
Let x(g) = 29*g**2 + 16*g - 24. Let u be x(5). Let j = u - 780. Calculate the highest common factor of j and 47.
1
Suppose 0*z + 4 = z + 2*b, 4*z - 21 = -3*b. Calculate the greatest common divisor of z and 1902.
6
Let n be (-968)/121*25065/(-24). Calculate the greatest common divisor of n and 120.
15
Suppose 0 = 2*v - 5*d - 66, 5*d + 42 = v + 4. Suppose 43*t = 41*t + v. Calculate the highest common divisor of 350 and t.
14
Let t = 9322 - 9157. What is the greatest common divisor of t and 32835?
165
Suppose 17*p - 29 - 80 = 95. What is the greatest common divisor of 2346 and p?
6
Suppose -7*l + 29*l = 6050. Let t = l - 211. What is the highest common divisor of 12 and t?
4
Let z(c) = 4*c - 3. Let l be (-16)/(-10) - 14/(-35). Let m = l + 1. Let d be z(m). Calculate the highest common factor of d and 72.
9
Let k(l) = -2*l**2 - 49*l - 162. Let m be k(-17). Calculate the greatest common factor of m and 1054.
31
Let g = -31 + 33. Suppose -4*i = 2*w + 30 - 88, -w + g*i = -21. What is the highest common factor of w and 200?
25
Suppose -16*r + 301 = -3. Let c(u) = 9*u - 6. Let y be c(-5). Let j = r - y. Calculate the greatest common divisor of j and 175.
35
Suppose -12*j + 43152 = 17*j. Suppose 58*h = 55*h + j. What is the greatest common factor of 16 and h?
16
Suppose -11863 + 12250 = 43*m. What is the highest common divisor of 9 and m?
9
Suppose -8 = -0*u - 4*u. Suppose u*r = 5*f - 2 - 5, 0 = f + 1. Let p be (-14 - r)*(-7)/4. What is the highest common divisor of 42 and p?
14
Let i(a) = a + 32. Let q be i(0). Suppose -7*t + 4*t = 3*d - 30, q = 2*d - 2*t. Suppose 85 = 12*u + d. Calculate the highest common divisor of u and 2.
2
Let d = -2778 - -3579. Calculate the greatest common divisor of 81 and d.
9
Let j = 898 - 826. Calculate the greatest common factor of j and 1488.
24
Suppose 303*b = 536*b - 294*b + 25376. What is the greatest common divisor of b and 3016?
104
Suppose 0 = 466*a - 439*a - 540. What is the highest common factor of 1850 and a?
10
Suppose 20*t = -9*t + 7188 + 468. Calculate the highest common divisor of t and 143.
11
Let f(o) = -20 + 2*o + 19*o + 22*o - 11*o. Let s be f(1). Let j be 4/18 + (-1940)/(-18). Calculate the highest common divisor of j and s.
12
Let z be (0 - 6/24) + 642/8. Suppose 562 = 5*q + 8*h - 6*h, -4*q = -2*h - 446. Calculate the highest common factor of q and z.
16
Let b(u) = -u**3 + 18*u**2 + 7*u - 3. Let j be b(18). Let o = j - -176. What is the highest common factor of o and 13?
13
Let k = 9456 + -6295. Calculate the highest common divisor of 58 and k.
29
Suppose 735 + 642 = 9*y. Suppose -3*o = -r + 74, 2*r - o + 0*o - y = 0. What is the highest common divisor of r and 11?
11
Let h(p) = -42*p - 221. Let x be (-16 + -1)*(10 - 17)/(-7). Let n be h(x). What is the greatest common divisor of n and 29?
29
Let w(l) = 58*l**3 + 27*l**2 - 25*l. Let s be w(1). What is the greatest common factor of s and 590?
10
Suppose 0 = -2*l - 8*k + 9*k + 3, -4*l + 24 = 4*k. Suppose 84*p - 3*d = 86*p - 25, 3*d = -l. What is the highest common divisor of 112 and p?
14
Let l be (-573)/(-9) + 2/(-3). Let o = -23161 - -23245. Calculate the highest common divisor of o and l.
21
Let x be 7/((-2332)/(-330) - 7*(3 + -2)). What is the greatest common divisor of 795 and x?
15
Let l be (2/4)/((-35)/539 - 32/(-448)). What is the greatest common factor of l and 9647?
11
Let l = 64072 - 34425. Calculate the greatest common factor of l and 23.
23
Let z(m) = 3*m**2 + 2*m - 2. Let y be z(1). Suppose -12 = -s - y*s. Suppose 4*r - 4 = -3*f, 3*r + 5*f = 6*r - 3. What is the greatest common divisor of r and s?
1
Let z = -56 + 64. Suppose 177*g = 4*l + 176*g - 43, -4*g + 37 = 3*l. What is the greatest common factor of z and l?
1
Let v = -11790 + 14859. Calculate the greatest common divisor of v and 66.
33
Suppose 14675 = 33*i - 257278. What is the greatest common factor of i and 123?
123
Let x(t) = t**3 - 13*t**2 + 2*t + 64. Let o = -57 - -70. Let k be x(o). Calculate the greatest common factor of k and 10.
10
Suppose 30*b + 32 = 38*b. Suppose -b*p - p + f = -15, 0 = 5*p - 4*f. Let a = 26 - 16. Calculate the greatest common factor of p and a.
2
Let l be (-2 - (-6 - -4))/(-2). Suppose l = 8*b + 73 - 593. Let p = -41 + b. What is the greatest common divisor of p and 6?
6
Suppose -19*f = -12*f - 560. Suppose 5*q = 3*c - 375, -189 - 36 = -2*c - 5*q. What is the greatest common factor of f and c?
40
Suppose 0 = 4*n + 4, -375 = -z - z + 3*n. Calculate the highest common factor of z and 4557.
93
Suppose -12*v = -30*v + 1890. What is the highest common divisor of v and 45?
15
Let n(g) = -g**3 + 10*g**2 + 16*g - 53. Let k be n(11). Suppose 0 = k*t + 5*m - 136, t + 4*m + 42 = 2*t. Calculate the highest common divisor of t and 203.
29
Suppose -2*y = 2*y + 4*v - 72, 12*y = -5*v + 167. What is the highest common divisor of 7799 and y?
11
Let k be 4/(-1) + 54/2. Let g = 1012 + -1011. What is the highest common factor of g and k?
1
Suppose 4*k = 4*p + 28600, -5*k + k + 28588 = -p. What is the greatest common factor of 18 and k?
18
Let h be ((-258)/(-24))/((-43)/(-35948)). Calculate the greatest common divisor of 43 and h.
43
Suppose 0 = -y - 17 + 52. Suppose a - y = -4*a. Suppose 5*f = a*f - 26. Calculate the greatest common factor of 91 and f.
13
Suppose 51*d = 45*d + 822. Let l = -90 + d. Calculate the greatest common factor of 188 and l.
47
Let a = 5491 + -2621. Suppose -14*q = -0*q - a. Suppose 0*x - 246 = -3*x. Calculate the greatest common divisor of q and x.
41
Let i = 154 + -152. Let g be 3*153/81 - i/(-6). Calculate the highest common factor of g and 474.
6
Suppose 67 = 4*z - 13. Suppose 988*n = 974*n - 336. Let x be (-600)/(-180)*n/(-5). What is the highest common divisor of x and z?
4
Let a(i) = 168 - 13*i**2 + 18*i + 56*i + 14*i**2 - 7*i. Let k be a(-65). Suppose 0*l + 76 = 4*l. Calculate the highest common divisor of l and k.
19
Suppose h = -2*p + 143, 0*p + 143 = h - 5*p. Let t be 4 - ((-1275)/136 + (-6)/(-16)). What is the greatest common factor of t and h?
13
Suppose 3*p - p + 4764 - 5364 = 0. Calculate the highest common divisor of 60 and p.
60
Let k be ((-1)/6*2)/((-13)/468). Let d = -9 + 35. Suppose -2*p + 5*c + 122 - d = 0, -c = -p + 48. What is the highest common divisor of p and k?
12
Let z = 10201 + -10117. Calculate the highest common divisor of 13608 and z.
84
Let h = 2 - 6. Let g(w) = -3*w + 2. 